271
In base 15, what is cee - 8?
ce6
In base 3, what is 22 + 210102110?
210102202
In base 3, what is 101020000 + 21?
101020021
In base 13, what is -57b6 - -b6?
-5700
In base 14, what is -24080 - -12?
-2406c
In base 7, what is 6 + 4345?
4354
In base 16, what is 7 + -b474?
-b46d
In base 15, what is 1b6 - d?
1a8
In base 10, what is -27 - 304?
-331
In base 9, what is 10 + 27462?
27472
In base 12, what is -116214 + 0?
-116214
In base 7, what is 61 + -23264?
-23203
In base 5, what is 3 - 1242043?
-1242040
In base 3, what is -10022220122 + 2?
-10022220120
In base 6, what is 12 - -3001?
3013
In base 10, what is 0 + 232?
232
In base 2, what is 10101101110 - 111101000010?
-100111010100
In base 7, what is 11346 + -434?
10612
In base 13, what is -4 - 6bab?
-6bb2
In base 9, what is -2224 - -47?
-2166
In base 9, what is 247 + -1663?
-1415
In base 15, what is 956 - 9?
94c
In base 15, what is 1421 + -19a?
1276
In base 16, what is -4806f + 0?
-4806f
In base 5, what is -223233244 + -3?
-223233302
In base 16, what is -2bd - ae?
-36b
In base 10, what is 3 + -15136?
-15133
In base 7, what is -5 - -16230?
16222
In base 7, what is -452 + 25?
-424
In base 4, what is 121322 + 3221?
131203
In base 3, what is -201022202010 - 10?
-201022202020
In base 12, what is -aa + a96?
9a8
In base 13, what is 10 - c67?
-c57
In base 7, what is 5 + 36513?
36521
In base 10, what is 1 - -329374?
329375
In base 12, what is 1758a + -4?
17586
In base 16, what is -67dc2 + 0?
-67dc2
In base 4, what is 12 + 1010112013?
1010112031
In base 13, what is 767 - 29?
73b
In base 11, what is 42844 - -3?
42847
In base 15, what is -4 - 23717?
-2371b
In base 8, what is 1126 + -716?
210
In base 6, what is -31 - -1551?
1520
In base 7, what is 425534 - -3?
425540
In base 2, what is 1000010000001101111 - 1111?
1000010000001100000
In base 4, what is -2332230 - -13?
-2332211
In base 10, what is 279 - -95?
374
In base 8, what is 2525 - 2?
2523
In base 7, what is 144 - 60?
54
In base 4, what is 1020 - -13323?
21003
In base 7, what is -14022 + 100?
-13622
In base 9, what is -66171 + -5?
-66176
In base 15, what is 9d32c - 3?
9d329
In base 9, what is 8 + -12602?
-12583
In base 4, what is 3 - -231031?
231100
In base 15, what is 1725 - 4d?
16c7
In base 3, what is 1102 + 11201221?
11210100
In base 3, what is 1211 - -2221?
11202
In base 7, what is 1501 - -24650?
26451
In base 11, what is 28 + 3932?
395a
In base 5, what is 3101 + -12000?
-3344
In base 9, what is -8318208 + -1?
-8318210
In base 11, what is -27a5 + 12?
-2793
In base 10, what is -57295 + 6?
-57289
In base 8, what is -22 - -50?
26
In base 8, what is 70541 - -1?
70542
In base 7, what is 24 + -11?
13
In base 10, what is 2 - -37651?
37653
In base 16, what is 3 + -9699c?
-96999
In base 4, what is -2 + -11221211?
-11221213
In base 14, what is 15525 - 1?
15524
In base 9, what is 12 - -5388?
5411
In base 6, what is -3 + -3400545?
-3400552
In base 9, what is 2206 + -82?
2114
In base 14, what is 8 - a29d?
-a295
In base 13, what is 1 + 9829?
982a
In base 14, what is 5690 + 63?
5713
In base 13, what is -179 + 56?
-123
In base 8, what is -616 - 177?
-1015
In base 9, what is 5606 - 21?
5575
In base 4, what is -21 + 223330?
223303
In base 16, what is 8a7 - 4?
8a3
In base 5, what is -12434 - 3?
-12442
In base 16, what is ab4a + 2?
ab4c
In base 2, what is 111010 + -11101100011?
-11100101001
In base 15, what is -27dc9 + 5?
-27dc4
In base 15, what is 3e192 + -2?
3e190
In base 5, what is -212 + 30?
-132
In base 8, what is -2577 - 26?
-2625
In base 7, what is 3 + 4456?
4462
In base 12, what is 1133 - -2?
1135
In base 5, what is 204 - 14002?
-13243
In base 6, what is 4 + -4443143?
-4443135
In base 3, what is 0 + -102112022111?
-102112022111
In base 14, what is 4 - -71d3?
71d7
In base 6, what is 1 + -30432?
-30431
In base 8, what is -4 - -25555?
25551
In base 14, what is -45d + 0?
-45d
In base 5, what is -24 + 1310413?
1310334
In base 9, what is -25 - 21204?
-21230
In base 9, what is 10760 - -1?
10761
In base 13, what is -768 + 836?
9b
In base 13, what is -2c - 16b47?
-16b76
In base 12, what is a - a39?
-a2b
In base 16, what is 25 - 7eb?
-7c6
In base 2, what is 1 + 100100000100100001101?
100100000100100001110
In base 16, what is -22 + -7e7?
-809
In base 4, what is -213201100 - 11?
-213201111
In base 6, what is -100 + 13410?
13310
In base 5, what is 30212 - -10?
30222
In base 9, what is -2345 - -31?
-2314
In base 14, what is 3989 + -3?
3986
In base 5, what is 3 - -3032331?
3032334
In base 8, what is 4040 + -15?
4023
In base 11, what is 69 - 488?
-41a
In base 7, what is -4115461 + 0?
-4115461
In base 7, what is 16400 - -4?
16404
In base 12, what is -247 + 72?
-195
In base 12, what is -4 - -11732?
1172a
In base 5, what is -11130142 + 11?
-11130131
In base 16, what is 7b2 - d?
7a5
In base 5, what is -1004223 - 22?
-1004300
In base 8, what is -211 + 34246?
34035
In base 16, what is -22c5 + -cc?
-2391
In base 5, what is 1 - 3321002?
-3321001
In base 13, what is 2 + 218c?
2191
In base 8, what is 1011507 + -2?
1011505
In base 15, what is -4715c8 + -5?
-4715cd
In base 13, what is 282 + 486?
738
In base 14, what is -a0 - 7b1?
-871
In base 16, what is cb + 2f?
fa
In base 13, what is -9b + -27b5?
-2883
In base 3, what is 11 + 112001222012?
112001222100
In base 8, what is -11 - -60750?
60737
In base 3, what is -2 - -1021101201?
1021101122
In base 7, what is 5 + 534334?
534342
In base 13, what is 444 - -96b?
10b2
In base 15, what is -51a - 0?
-51a
In base 8, what is -10 - -605023?
605013
In base 12, what is -73a + 791?
53
In base 7, what is 101651 - 2?
101646
In base 2, what is -100011000100101 - 100?
-100011000101001
In base 11, what is 4670 - -26?
4696
In base 11, what is -2 + -10531?
-10533
In base 8, what is 3554724 + 2?
3554726
In base 9, what is 3 - -568888?
570002
In base 10, what is 55059 + -2?
55057
In base 4, what is 2033233 + 3?
2033302
In base 14, what is -5d669 - 4?
-5d66d
In base 6, what is 130154 + -33?
130121
In base 6, what is 3515412 - -4?
3515420
In base 14, what is -159 - -a3?
-96
In base 12, what is 116 + -a68?
-952
In base 14, what is -10a + -417?
-523
In base 6, what is 22 - 30530?
-30504
In base 11, what is 11 - -7696?
76a7
In base 11, what is -133 - -4388?
4255
In base 4, what is -31021 + 20?
-31001
In base 11, what is -2 + -13457?
-13459
In base 13, what is -3b2 - -590?
1ab
In base 13, what is 17ca1 - -6?
17ca7
In base 4, what is 103000112330 + 0?
103000112330
In base 12, what is -16633a + -1?
-16633b
In base 7, what is 4536 - 202?
4334
In base 12, what is -a38 + 5?
-a33
In base 10, what is -331 - 1222?
-1553
In base 12, what is 4b1 + -335?
178
In base 9, what is -713787 - 10?
-713807
In base 2, what is 100010 - -10101000?
11001010
In base 8, what is 11 - -102414?
102425
In base 4, what is -10022213 + 13?
-10022200
In base 5, what is -143 - 414411?
-420104
In base 8, what is 30 - 3015?
-2765
In base 13, what is 2 - 22226c?
-22226a
In base 8, what is -4 + 24003?
23777
In base 12, what is -28 + 247?
21b
In base 12, what is 97 + 182?
259
In base 4, what is -3 - -121021?
121012
In base 8, what is 51 + -5574?
-5523
In base 12, what is -27 + -9582?
-95a9
In base 6, what is -2 + -21535042?
-21535044
In base 10, what is -639044 - 2?
-639046
In base 10, what is 3 - 11680?
-11677
In base 12, what is 2 - 1136?
-1134
In base 9, what is -1 + -822305?
-822306
In base 14, what is 19d + -8c?
111
In base 8, what is -4505 + 3?
-4502
In base 7, what is 1604161 - 5?
1604153
In base 6, what is -3 - -250510?
250503
In base 10, what is 125 - -8?
133
In base 12, what is -70914 + -6?
-7091a
In base 5, what is -110 + -22014?
-22124
In base 5, what is 14403 + -121?
14232
In base 14, what is 2754b2 - -4?
2754b6
In base 12, what is 4289 - 3?
4286
In base 14, what is -b0 - -a455?
a385
In base 13, what is -967 + -2?
-969
In base 16, what is -1 + -4d07e?
-4d07f
In base 6, what is 52320 - 0?
52320
In base 10, what is -11 - -1998?
1987
In base 6, what is 1424 - -40043?
41511
In base 12, what is -2 + -6666?
-6668
In base 3, what is -11222 - 102022?
-121021
In base 16, what is 14bf - e?
14b1
In base 8, what is 111132 - -27?
111161
In base 5, what is -4 - 23200423?
-23200432
In base 14, what is 0 - -3ac341?
3ac341
In base 3, what is -1012121002 + -120?
-1012121122
In base 10, what is 10661 + -6?
10